{"id":87,"date":"2026-03-16T17:19:53","date_gmt":"2026-03-16T17:19:53","guid":{"rendered":"https:\/\/drakarolinnaugarte.com\/?page_id=87"},"modified":"2026-03-16T17:19:55","modified_gmt":"2026-03-16T17:19:55","slug":"implanon","status":"publish","type":"page","link":"https:\/\/drakarolinnaugarte.com\/?page_id=87","title":{"rendered":"Implanon"},"content":{"rendered":"\n<div class=\"wp-block-group alignfull has-global-padding is-layout-constrained wp-block-group-is-layout-constrained\" style=\"margin-top:0;margin-bottom:0;padding-top:var(--wp--preset--spacing--50);padding-bottom:var(--wp--preset--spacing--50)\">\n<div class=\"wp-block-columns alignwide is-layout-flex wp-container-core-columns-is-layout-fa584acd wp-block-columns-is-layout-flex\">\n<div class=\"wp-block-column is-vertically-aligned-center is-layout-flow wp-block-column-is-layout-flow\">\n<h2 class=\"wp-block-heading has-text-align-center has-xx-large-font-size\">\u00a0Implante subd\u00e9rmico\u00a0<\/h2>\n\n\n\n<p class=\"has-text-align-center has-medium-font-size\">Realizamos a inser\u00e7\u00e3o do Implanon, um m\u00e9todo contraceptivo hormonal de longa dura\u00e7\u00e3o colocado sob a pele do bra\u00e7o. Ele libera pequenas quantidades de horm\u00f4nio que impedem a ovula\u00e7\u00e3o, sendo um m\u00e9todo seguro, eficaz e com dura\u00e7\u00e3o de at\u00e9 tr\u00eas anos. A indica\u00e7\u00e3o e a realiza\u00e7\u00e3o do procedimento s\u00e3o feitas ap\u00f3s avalia\u00e7\u00e3o m\u00e9dica individualizada, considerando as necessidades e caracter\u00edsticas de cada paciente.<\/p>\n<\/div>\n\n\n\n<div class=\"wp-block-column is-vertically-aligned-center is-layout-flow wp-block-column-is-layout-flow\">\n<figure class=\"wp-block-image size-full\"><img loading=\"lazy\" decoding=\"async\" width=\"1063\" height=\"675\" src=\"https:\/\/drakarolinnaugarte.com\/wp-content\/uploads\/2026\/03\/implanon.jpg\" alt=\"\" class=\"wp-image-88\" style=\"aspect-ratio:1;object-fit:cover\" srcset=\"https:\/\/drakarolinnaugarte.com\/wp-content\/uploads\/2026\/03\/implanon.jpg 1063w, https:\/\/drakarolinnaugarte.com\/wp-content\/uploads\/2026\/03\/implanon-300x190.jpg 300w, https:\/\/drakarolinnaugarte.com\/wp-content\/uploads\/2026\/03\/implanon-1024x650.jpg 1024w, https:\/\/drakarolinnaugarte.com\/wp-content\/uploads\/2026\/03\/implanon-768x488.jpg 768w\" sizes=\"auto, (max-width: 1063px) 100vw, 1063px\" \/><\/figure>\n<\/div>\n<\/div>\n<\/div>\n","protected":false},"excerpt":{"rendered":"<p>\u00a0Implante subd\u00e9rmico\u00a0 Realizamos a inser\u00e7\u00e3o do Implanon, um m\u00e9todo contraceptivo hormonal de longa dura\u00e7\u00e3o colocado sob a pele do bra\u00e7o. Ele libera pequenas quantidades de horm\u00f4nio que impedem a ovula\u00e7\u00e3o, sendo um m\u00e9todo seguro, eficaz e com dura\u00e7\u00e3o de at\u00e9 tr\u00eas anos. A indica\u00e7\u00e3o e a realiza\u00e7\u00e3o do procedimento s\u00e3o feitas ap\u00f3s avalia\u00e7\u00e3o m\u00e9dica individualizada, [&hellip;]<\/p>\n","protected":false},"author":1,"featured_media":0,"parent":0,"menu_order":0,"comment_status":"closed","ping_status":"closed","template":"","meta":{"footnotes":""},"class_list":["post-87","page","type-page","status-publish","hentry"],"_hostinger_reach_plugin_has_subscription_block":false,"_hostinger_reach_plugin_is_elementor":false,"_links":{"self":[{"href":"https:\/\/drakarolinnaugarte.com\/index.php?rest_route=\/wp\/v2\/pages\/87","targetHints":{"allow":["GET"]}}],"collection":[{"href":"https:\/\/drakarolinnaugarte.com\/index.php?rest_route=\/wp\/v2\/pages"}],"about":[{"href":"https:\/\/drakarolinnaugarte.com\/index.php?rest_route=\/wp\/v2\/types\/page"}],"author":[{"embeddable":true,"href":"https:\/\/drakarolinnaugarte.com\/index.php?rest_route=\/wp\/v2\/users\/1"}],"replies":[{"embeddable":true,"href":"https:\/\/drakarolinnaugarte.com\/index.php?rest_route=%2Fwp%2Fv2%2Fcomments&post=87"}],"version-history":[{"count":1,"href":"https:\/\/drakarolinnaugarte.com\/index.php?rest_route=\/wp\/v2\/pages\/87\/revisions"}],"predecessor-version":[{"id":89,"href":"https:\/\/drakarolinnaugarte.com\/index.php?rest_route=\/wp\/v2\/pages\/87\/revisions\/89"}],"wp:attachment":[{"href":"https:\/\/drakarolinnaugarte.com\/index.php?rest_route=%2Fwp%2Fv2%2Fmedia&parent=87"}],"curies":[{"name":"wp","href":"https:\/\/api.w.org\/{rel}","templated":true}]}}