{"id":65,"date":"2026-03-16T13:43:31","date_gmt":"2026-03-16T13:43:31","guid":{"rendered":"https:\/\/drakarolinnaugarte.com\/?page_id=65"},"modified":"2026-03-23T15:05:16","modified_gmt":"2026-03-23T15:05:16","slug":"atencao-integral-a-gestante","status":"publish","type":"page","link":"https:\/\/drakarolinnaugarte.com\/?page_id=65","title":{"rendered":"Aten\u00e7\u00e3o Integral \u00e0 Gestante"},"content":{"rendered":"\n<div class=\"wp-block-cover alignfull has-custom-content-position is-position-bottom-center\" style=\"margin-top:0;margin-bottom:0;padding-top:var(--wp--preset--spacing--50);padding-right:var(--wp--preset--spacing--50);padding-bottom:var(--wp--preset--spacing--50);padding-left:var(--wp--preset--spacing--50);min-height:840px;aspect-ratio:unset;\"><img loading=\"lazy\" decoding=\"async\" width=\"1024\" height=\"683\" class=\"wp-block-cover__image-background wp-image-70 size-large\" alt=\"\" src=\"https:\/\/drakarolinnaugarte.com\/wp-content\/uploads\/2026\/03\/close-up-pregnant-woman-sitting-1024x683.jpg\" data-object-fit=\"cover\" srcset=\"https:\/\/drakarolinnaugarte.com\/wp-content\/uploads\/2026\/03\/close-up-pregnant-woman-sitting-1024x683.jpg 1024w, https:\/\/drakarolinnaugarte.com\/wp-content\/uploads\/2026\/03\/close-up-pregnant-woman-sitting-300x200.jpg 300w, https:\/\/drakarolinnaugarte.com\/wp-content\/uploads\/2026\/03\/close-up-pregnant-woman-sitting-768x513.jpg 768w, https:\/\/drakarolinnaugarte.com\/wp-content\/uploads\/2026\/03\/close-up-pregnant-woman-sitting-1536x1025.jpg 1536w, https:\/\/drakarolinnaugarte.com\/wp-content\/uploads\/2026\/03\/close-up-pregnant-woman-sitting-2048x1367.jpg 2048w\" sizes=\"auto, (max-width: 1024px) 100vw, 1024px\" \/><span aria-hidden=\"true\" class=\"wp-block-cover__background has-background-dim-10 has-background-dim\" style=\"background-color:#7b7774\"><\/span><div class=\"wp-block-cover__inner-container has-global-padding is-layout-constrained wp-container-core-cover-is-layout-d89aad35 wp-block-cover-is-layout-constrained\">\n<div class=\"wp-block-group alignwide has-global-padding is-content-justification-left is-layout-constrained wp-container-core-group-is-layout-12dd3699 wp-block-group-is-layout-constrained\">\n<h2 class=\"wp-block-heading has-text-align-left has-xx-large-font-size\">Cuidado Pr\u00e9-Natal Personalizado<\/h2>\n\n\n\n<p>O pr\u00e9-natal \u00e9 essencial para garantir a sa\u00fade da gestante e do beb\u00ea, permitindo identificar precocemente complica\u00e7\u00f5es como hipertens\u00e3o, diabetes ou infec\u00e7\u00f5es. Ele inclui acompanhamento do crescimento fetal, orienta\u00e7\u00f5es sobre h\u00e1bitos saud\u00e1veis, alimenta\u00e7\u00e3o, atividade f\u00edsica e vacina\u00e7\u00e3o. Al\u00e9m disso, prepara a m\u00e3e para o parto e a amamenta\u00e7\u00e3o, reduzindo riscos maternos e infantis.<\/p>\n<\/div>\n<\/div><\/div>\n\n\n\n<div class=\"wp-block-group alignfull is-style-section-5 has-global-padding is-layout-constrained wp-block-group-is-layout-constrained is-style-section-5--1\" style=\"margin-top:0;margin-bottom:0;padding-top:var(--wp--preset--spacing--50);padding-bottom:var(--wp--preset--spacing--50)\">\n<div class=\"wp-block-columns alignwide is-layout-flex wp-container-core-columns-is-layout-7ee84d44 wp-block-columns-is-layout-flex\">\n<div class=\"wp-block-column is-vertically-aligned-center is-layout-flow wp-block-column-is-layout-flow\" style=\"flex-basis:50%\">\n<h2 class=\"wp-block-heading has-text-align-center\">Minha rela\u00e7\u00e3o com as gestantes<\/h2>\n\n\n\n<p class=\"has-text-align-center has-medium-font-size\">Como m\u00e9dica de fam\u00edlia, meu enfoque no atendimento pr\u00e9-natal \u00e9 humanizado, centrado na gestante e em suas necessidades individuais. Acompanho cada etapa da gravidez com aten\u00e7\u00e3o, oferecendo orienta\u00e7\u00f5es claras sobre sa\u00fade, alimenta\u00e7\u00e3o, atividade f\u00edsica e preven\u00e7\u00e3o de complica\u00e7\u00f5es. Valorizo o di\u00e1logo, escuto d\u00favidas e receios, fortalecendo o v\u00ednculo materno-fetal e preparando a m\u00e3e para o parto e a amamenta\u00e7\u00e3o. Minha dedica\u00e7\u00e3o \u00e0 sa\u00fade da mulher garante um acompanhamento integral, seguro e acolhedor, promovendo bem-estar f\u00edsico e emocional durante toda a gesta\u00e7\u00e3o.<\/p>\n<\/div>\n\n\n\n<div class=\"wp-block-column is-vertically-aligned-center is-layout-flow wp-block-column-is-layout-flow\" style=\"flex-basis:50%\">\n<figure class=\"wp-block-image size-full\"><img loading=\"lazy\" decoding=\"async\" width=\"928\" height=\"1042\" src=\"https:\/\/drakarolinnaugarte.com\/wp-content\/uploads\/2026\/03\/WhatsApp-Image-2026-03-16-at-10.21.55.jpeg\" alt=\"\" class=\"wp-image-66\" style=\"aspect-ratio:1;object-fit:cover\" srcset=\"https:\/\/drakarolinnaugarte.com\/wp-content\/uploads\/2026\/03\/WhatsApp-Image-2026-03-16-at-10.21.55.jpeg 928w, https:\/\/drakarolinnaugarte.com\/wp-content\/uploads\/2026\/03\/WhatsApp-Image-2026-03-16-at-10.21.55-267x300.jpeg 267w, https:\/\/drakarolinnaugarte.com\/wp-content\/uploads\/2026\/03\/WhatsApp-Image-2026-03-16-at-10.21.55-912x1024.jpeg 912w, https:\/\/drakarolinnaugarte.com\/wp-content\/uploads\/2026\/03\/WhatsApp-Image-2026-03-16-at-10.21.55-768x862.jpeg 768w\" sizes=\"auto, (max-width: 928px) 100vw, 928px\" \/><\/figure>\n<\/div>\n<\/div>\n<\/div>\n\n\n\n<div class=\"wp-block-group alignfull has-global-padding is-layout-constrained wp-block-group-is-layout-constrained\" style=\"margin-top:0;margin-bottom:0\">\n<div class=\"wp-block-group alignwide is-layout-grid wp-container-core-group-is-layout-5fdb10e5 wp-block-group-is-layout-grid\" style=\"padding-top:var(--wp--preset--spacing--50);padding-bottom:var(--wp--preset--spacing--50)\">\n<div class=\"wp-block-group is-vertical is-content-justification-stretch is-nowrap is-layout-flex wp-container-core-group-is-layout-627337ab wp-block-group-is-layout-flex\">\n<div class=\"wp-block-group is-vertical is-content-justification-left is-layout-flex wp-container-core-group-is-layout-dd225191 wp-block-group-is-layout-flex\">\n<p class=\"is-style-text-subtitle is-style-text-subtitle--2\">Plano de pr\u00e9-natal<\/p>\n\n\n\n<p class=\"is-style-text-subtitle is-style-text-subtitle--3\">Indicado para:<br>Gestantes em qualquer fase da gravidez, desde o in\u00edcio do acompanhamento at\u00e9 o parto, visando garantir a sa\u00fade materna e fetal.<\/p>\n\n\n\n<p class=\"is-style-text-subtitle is-style-text-subtitle--4\">Objetivo:<br>Monitorar a evolu\u00e7\u00e3o da gesta\u00e7\u00e3o, identificar precocemente poss\u00edveis complica\u00e7\u00f5es, orientar sobre h\u00e1bitos de vida saud\u00e1veis, vacina\u00e7\u00e3o e preparo para o parto, al\u00e9m de promover v\u00ednculo materno-fetal.<\/p>\n<\/div>\n\n\n\n<figure class=\"wp-block-image size-full\"><img loading=\"lazy\" decoding=\"async\" width=\"1400\" height=\"800\" src=\"https:\/\/drakarolinnaugarte.com\/wp-content\/uploads\/2026\/03\/feto-bebe-utero-0519-1400x800.jpg.jpg\" alt=\"\" class=\"wp-image-73\" style=\"aspect-ratio:16\/9;object-fit:cover\" srcset=\"https:\/\/drakarolinnaugarte.com\/wp-content\/uploads\/2026\/03\/feto-bebe-utero-0519-1400x800.jpg.jpg 1400w, https:\/\/drakarolinnaugarte.com\/wp-content\/uploads\/2026\/03\/feto-bebe-utero-0519-1400x800.jpg-300x171.jpg 300w, https:\/\/drakarolinnaugarte.com\/wp-content\/uploads\/2026\/03\/feto-bebe-utero-0519-1400x800.jpg-1024x585.jpg 1024w, https:\/\/drakarolinnaugarte.com\/wp-content\/uploads\/2026\/03\/feto-bebe-utero-0519-1400x800.jpg-768x439.jpg 768w\" sizes=\"auto, (max-width: 1400px) 100vw, 1400px\" \/><\/figure>\n<\/div>\n\n\n\n<figure class=\"wp-block-image size-full\"><img loading=\"lazy\" decoding=\"async\" width=\"2560\" height=\"1440\" src=\"https:\/\/drakarolinnaugarte.com\/wp-content\/uploads\/2026\/03\/young-asian-pregnant-woman-holding-her-belly-talking-with-her-child-mom-feeling-happy-smiling-positive-peaceful-while-take-care-baby-pregnancy-near-window-living-room-home-1-scaled.jpg\" alt=\"\" class=\"wp-image-71\" style=\"aspect-ratio:3\/4;object-fit:cover\" srcset=\"https:\/\/drakarolinnaugarte.com\/wp-content\/uploads\/2026\/03\/young-asian-pregnant-woman-holding-her-belly-talking-with-her-child-mom-feeling-happy-smiling-positive-peaceful-while-take-care-baby-pregnancy-near-window-living-room-home-1-scaled.jpg 2560w, https:\/\/drakarolinnaugarte.com\/wp-content\/uploads\/2026\/03\/young-asian-pregnant-woman-holding-her-belly-talking-with-her-child-mom-feeling-happy-smiling-positive-peaceful-while-take-care-baby-pregnancy-near-window-living-room-home-1-300x169.jpg 300w, https:\/\/drakarolinnaugarte.com\/wp-content\/uploads\/2026\/03\/young-asian-pregnant-woman-holding-her-belly-talking-with-her-child-mom-feeling-happy-smiling-positive-peaceful-while-take-care-baby-pregnancy-near-window-living-room-home-1-1024x576.jpg 1024w, https:\/\/drakarolinnaugarte.com\/wp-content\/uploads\/2026\/03\/young-asian-pregnant-woman-holding-her-belly-talking-with-her-child-mom-feeling-happy-smiling-positive-peaceful-while-take-care-baby-pregnancy-near-window-living-room-home-1-768x432.jpg 768w, https:\/\/drakarolinnaugarte.com\/wp-content\/uploads\/2026\/03\/young-asian-pregnant-woman-holding-her-belly-talking-with-her-child-mom-feeling-happy-smiling-positive-peaceful-while-take-care-baby-pregnancy-near-window-living-room-home-1-1536x864.jpg 1536w, https:\/\/drakarolinnaugarte.com\/wp-content\/uploads\/2026\/03\/young-asian-pregnant-woman-holding-her-belly-talking-with-her-child-mom-feeling-happy-smiling-positive-peaceful-while-take-care-baby-pregnancy-near-window-living-room-home-1-2048x1152.jpg 2048w\" sizes=\"auto, (max-width: 2560px) 100vw, 2560px\" \/><\/figure>\n<\/div>\n<\/div>\n\n\n\n<div class=\"wp-block-group alignfull has-global-padding is-layout-constrained wp-block-group-is-layout-constrained\" style=\"margin-top:0;margin-bottom:0\">\n<div class=\"wp-block-group alignwide is-layout-flow wp-container-core-group-is-layout-d58a0413 wp-block-group-is-layout-flow\" style=\"padding-top:var(--wp--preset--spacing--50);padding-bottom:var(--wp--preset--spacing--50)\">\n<h2 class=\"wp-block-heading has-x-large-font-size\"><strong>Inclui<\/strong><\/h2>\n\n\n\n<div class=\"wp-block-columns is-layout-flex wp-container-core-columns-is-layout-cbe57604 wp-block-columns-is-layout-flex\">\n<div class=\"wp-block-column is-layout-flow wp-block-column-is-layout-flow\">\n<div class=\"wp-block-group is-layout-flow wp-block-group-is-layout-flow\" style=\"border-top-color:var(--wp--preset--color--accent-6);border-top-width:1px;padding-top:var(--wp--preset--spacing--30);padding-bottom:var(--wp--preset--spacing--30)\">\n<p><strong>Consultas<\/strong><\/p>\n\n\n\n<ul class=\"wp-block-list\">\n<li>Consultas semanais de 36 semanas at\u00e9 o parto.<\/li>\n<\/ul>\n\n\n\n<ul class=\"wp-block-list\">\n<li>Consulta inicial completa no in\u00edcio do pr\u00e9-natal.<\/li>\n<\/ul>\n\n\n\n<ul class=\"wp-block-list\">\n<li>Consultas de acompanhamento mensais at\u00e9 28 semanas.<\/li>\n<\/ul>\n\n\n\n<ul class=\"wp-block-list\">\n<li>Consultas quinzenais de 28 a 36 semanas.<\/li>\n<\/ul>\n<\/div>\n<\/div>\n\n\n\n<div class=\"wp-block-column is-layout-flow wp-block-column-is-layout-flow\">\n<div class=\"wp-block-group is-layout-flow wp-block-group-is-layout-flow\" style=\"border-top-color:var(--wp--preset--color--accent-6);border-top-width:1px;padding-top:var(--wp--preset--spacing--30);padding-bottom:var(--wp--preset--spacing--30)\">\n<h3 class=\"wp-block-heading\"><strong>Avalia\u00e7\u00e3o cl\u00ednica<\/strong><\/h3>\n\n\n\n<ul class=\"wp-block-list\">\n<li>Orienta\u00e7\u00f5es sobre sinais de alerta e cuidados di\u00e1rios.<\/li>\n<\/ul>\n\n\n\n<ul class=\"wp-block-list\">\n<li>Anamnese completa da gestante e hist\u00f3rico obst\u00e9trico.<\/li>\n<\/ul>\n\n\n\n<ul class=\"wp-block-list\">\n<li>Avalia\u00e7\u00e3o de sinais vitais, peso e altura.<\/li>\n<\/ul>\n\n\n\n<ul class=\"wp-block-list\">\n<li>Exame f\u00edsico completo, incluindo mamas, abdome e press\u00e3o arterial.<\/li>\n<\/ul>\n\n\n\n<ul class=\"wp-block-list\">\n<li>Avalia\u00e7\u00e3o do crescimento uterino e bem-estar fetal.<\/li>\n<\/ul>\n<\/div>\n<\/div>\n<\/div>\n\n\n\n<div class=\"wp-block-columns is-layout-flex wp-container-core-columns-is-layout-cbe57604 wp-block-columns-is-layout-flex\">\n<div class=\"wp-block-column is-layout-flow wp-block-column-is-layout-flow\">\n<div class=\"wp-block-group is-layout-flow wp-block-group-is-layout-flow\" style=\"border-top-color:var(--wp--preset--color--accent-6);border-top-width:1px;padding-top:var(--wp--preset--spacing--30);padding-bottom:var(--wp--preset--spacing--30)\">\n<h3 class=\"wp-block-heading\"><strong>Plano terap\u00eautico e orienta\u00e7\u00f5es<\/strong><\/h3>\n\n\n\n<ul class=\"wp-block-list\">\n<li>Aconselhamento sobre preven\u00e7\u00e3o de complica\u00e7\u00f5es comuns, como hipertens\u00e3o e diabetes gestacional.<\/li>\n<\/ul>\n\n\n\n<ul class=\"wp-block-list\">\n<li>Suplementa\u00e7\u00e3o de \u00e1cido f\u00f3lico e ferro conforme necessidade.<\/li>\n<\/ul>\n\n\n\n<ul class=\"wp-block-list\">\n<li>Orienta\u00e7\u00f5es sobre dieta equilibrada, hidrata\u00e7\u00e3o e atividade f\u00edsica segura.<\/li>\n<\/ul>\n\n\n\n<ul class=\"wp-block-list\">\n<li>Orienta\u00e7\u00f5es sobre vacina\u00e7\u00e3o na gesta\u00e7\u00e3o.<\/li>\n<\/ul>\n\n\n\n<ul class=\"wp-block-list\">\n<li>Planejamento do parto e prepara\u00e7\u00e3o para amamenta\u00e7\u00e3o.<\/li>\n<\/ul>\n<\/div>\n<\/div>\n\n\n\n<div class=\"wp-block-column is-layout-flow wp-block-column-is-layout-flow\">\n<div class=\"wp-block-group is-layout-flow wp-block-group-is-layout-flow\" style=\"border-top-color:var(--wp--preset--color--accent-6);border-top-width:1px;padding-top:var(--wp--preset--spacing--30);padding-bottom:var(--wp--preset--spacing--30)\">\n<h3 class=\"wp-block-heading\"><strong>Acompanhamento<\/strong><\/h3>\n\n\n\n<ul class=\"wp-block-list\">\n<li>Encaminhamento para especialistas caso surjam intercorr\u00eancias.<\/li>\n<\/ul>\n\n\n\n<ul class=\"wp-block-list\">\n<li>Monitoramento cont\u00ednuo do crescimento e desenvolvimento fetal.<\/li>\n<\/ul>\n\n\n\n<ul class=\"wp-block-list\">\n<li>Avalia\u00e7\u00e3o de altera\u00e7\u00f5es maternas e sintomas da gesta\u00e7\u00e3o.<\/li>\n<\/ul>\n\n\n\n<ul class=\"wp-block-list\">\n<li>Ajustes de suplementa\u00e7\u00e3o ou medica\u00e7\u00e3o conforme necessidade.<\/li>\n<\/ul>\n<\/div>\n<\/div>\n<\/div>\n<\/div>\n<\/div>\n\n\n\n<div class=\"wp-block-group alignfull has-global-padding is-layout-constrained wp-container-core-group-is-layout-08655630 wp-block-group-is-layout-constrained\" style=\"margin-top:0;margin-bottom:0;padding-top:var(--wp--preset--spacing--80);padding-bottom:var(--wp--preset--spacing--80)\">\n<div class=\"wp-block-group alignwide is-layout-flow wp-block-group-is-layout-flow\">\n<p class=\"has-text-align-center is-style-text-display is-style-text-display--5\" style=\"font-style:normal;font-weight:400\">Perguntas? <br><a href=\"http:\/\/wa.me\/5516994356199\" data-type=\"link\" data-id=\"wa.me\/5516994356199\">Sinta-se \u00e0 vontade para nos contatar.<\/a><\/p>\n\n\n\n<div style=\"height:var(--wp--preset--spacing--40)\" aria-hidden=\"true\" class=\"wp-block-spacer\"><\/div>\n<\/div>\n<\/div>\n","protected":false},"excerpt":{"rendered":"<p>Minha rela\u00e7\u00e3o com as gestantes Como m\u00e9dica de fam\u00edlia, meu enfoque no atendimento pr\u00e9-natal \u00e9 humanizado, centrado na gestante e em suas necessidades individuais. Acompanho cada etapa da gravidez com aten\u00e7\u00e3o, oferecendo orienta\u00e7\u00f5es claras sobre sa\u00fade, alimenta\u00e7\u00e3o, atividade f\u00edsica e preven\u00e7\u00e3o de complica\u00e7\u00f5es. Valorizo o di\u00e1logo, escuto d\u00favidas e receios, fortalecendo o v\u00ednculo materno-fetal e [&hellip;]<\/p>\n","protected":false},"author":1,"featured_media":0,"parent":0,"menu_order":0,"comment_status":"closed","ping_status":"closed","template":"","meta":{"footnotes":""},"class_list":["post-65","page","type-page","status-publish","hentry"],"_hostinger_reach_plugin_has_subscription_block":false,"_hostinger_reach_plugin_is_elementor":false,"_links":{"self":[{"href":"https:\/\/drakarolinnaugarte.com\/index.php?rest_route=\/wp\/v2\/pages\/65","targetHints":{"allow":["GET"]}}],"collection":[{"href":"https:\/\/drakarolinnaugarte.com\/index.php?rest_route=\/wp\/v2\/pages"}],"about":[{"href":"https:\/\/drakarolinnaugarte.com\/index.php?rest_route=\/wp\/v2\/types\/page"}],"author":[{"embeddable":true,"href":"https:\/\/drakarolinnaugarte.com\/index.php?rest_route=\/wp\/v2\/users\/1"}],"replies":[{"embeddable":true,"href":"https:\/\/drakarolinnaugarte.com\/index.php?rest_route=%2Fwp%2Fv2%2Fcomments&post=65"}],"version-history":[{"count":2,"href":"https:\/\/drakarolinnaugarte.com\/index.php?rest_route=\/wp\/v2\/pages\/65\/revisions"}],"predecessor-version":[{"id":93,"href":"https:\/\/drakarolinnaugarte.com\/index.php?rest_route=\/wp\/v2\/pages\/65\/revisions\/93"}],"wp:attachment":[{"href":"https:\/\/drakarolinnaugarte.com\/index.php?rest_route=%2Fwp%2Fv2%2Fmedia&parent=65"}],"curies":[{"name":"wp","href":"https:\/\/api.w.org\/{rel}","templated":true}]}}