{"id":51,"date":"2026-03-16T13:06:06","date_gmt":"2026-03-16T13:06:06","guid":{"rendered":"https:\/\/drakarolinnaugarte.com\/?page_id=51"},"modified":"2026-03-16T13:15:56","modified_gmt":"2026-03-16T13:15:56","slug":"plano-anual-2","status":"publish","type":"page","link":"https:\/\/drakarolinnaugarte.com\/?page_id=51","title":{"rendered":"Plano anual."},"content":{"rendered":"\n<div class=\"wp-block-group alignfull is-style-section-1 has-global-padding is-layout-constrained wp-container-core-group-is-layout-cdf985e3 wp-block-group-is-layout-constrained is-style-section-1--1\" style=\"min-height:100vh;margin-top:0;margin-bottom:0;padding-top:var(--wp--preset--spacing--80);padding-right:var(--wp--preset--spacing--80);padding-bottom:var(--wp--preset--spacing--80);padding-left:var(--wp--preset--spacing--80)\">\n<div class=\"wp-block-columns alignwide are-vertically-aligned-center is-layout-flex wp-container-core-columns-is-layout-643ced6b wp-block-columns-is-layout-flex\">\n<div class=\"wp-block-column is-vertically-aligned-center is-layout-flow wp-block-column-is-layout-flow\">\n<div class=\"wp-block-group is-vertical is-content-justification-stretch is-layout-flex wp-container-core-group-is-layout-353c4f5a wp-block-group-is-layout-flex\">\n<div class=\"wp-block-columns is-layout-flex wp-container-core-columns-is-layout-28f84493 wp-block-columns-is-layout-flex\">\n<div class=\"wp-block-column is-layout-flow wp-block-column-is-layout-flow\">\n<h2 class=\"wp-block-heading\"><strong>Plano anual.<\/strong><\/h2>\n\n\n\n<p><strong>Indicado para:<\/strong><\/p>\n\n\n\n<ul class=\"wp-block-list\">\n<li>Mulheres em acompanhamento cont\u00ednuo da menopausa, com investiga\u00e7\u00e3o inicial conclu\u00edda e\/ou em fase de manuten\u00e7\u00e3o da terapia hormonal.<\/li>\n<\/ul>\n\n\n\n<p><strong>Objetivo:<\/strong><\/p>\n\n\n\n<ul class=\"wp-block-list\">\n<li>Monitorar a evolu\u00e7\u00e3o dos sintomas, ajustar terapias conforme necessidade, avaliar par\u00e2metros metab\u00f3licos e cardiovasculares, e promover sa\u00fade geral da mulher na menopausa.<\/li>\n<\/ul>\n<\/div>\n\n\n\n<div class=\"wp-block-column is-layout-flow wp-block-column-is-layout-flow\">\n<p><strong>Inclui:<\/strong><\/p>\n\n\n\n<p><strong>Consultas:<\/strong><\/p>\n\n\n\n<ul class=\"wp-block-list\">\n<li>Uma consulta inicial anual completa.<\/li>\n\n\n\n<li>Tr\u00eas consultas de retorno distribu\u00eddas ao longo do ano.<\/li>\n<\/ul>\n\n\n\n<p><strong>Avalia\u00e7\u00e3o cl\u00ednica:<\/strong><\/p>\n\n\n\n<ul class=\"wp-block-list\">\n<li>Revis\u00e3o completa de sintomas menopausais: fogachos, sono, humor, libido, secura vaginal.<\/li>\n\n\n\n<li>Avalia\u00e7\u00e3o da resposta \u00e0 terapia hormonal.<\/li>\n\n\n\n<li>Avalia\u00e7\u00e3o metab\u00f3lica e cardiovascular.<\/li>\n\n\n\n<li>Discuss\u00e3o de h\u00e1bitos de vida, ades\u00e3o \u00e0s orienta\u00e7\u00f5es nutricionais e atividade f\u00edsica.<\/li>\n<\/ul>\n<\/div>\n\n\n\n<div class=\"wp-block-column is-layout-flow wp-block-column-is-layout-flow\">\n<p><strong>Plano terap\u00eautico<\/strong><\/p>\n\n\n\n<ul class=\"wp-block-list\">\n<li>Terapia hormonal, se indicada, com ajustes conforme evolu\u00e7\u00e3o cl\u00ednica.<\/li>\n\n\n\n<li>Tratamento n\u00e3o hormonal para sintomas espec\u00edficos (fogachos, secura vaginal, altera\u00e7\u00f5es de humor).<\/li>\n\n\n\n<li>Orienta\u00e7\u00f5es nutricionais e de atividade f\u00edsica.<\/li>\n\n\n\n<li>Refor\u00e7o de medidas de estilo de vida saud\u00e1vel.<\/li>\n<\/ul>\n\n\n\n<p><strong>Acompanhamento<\/strong><\/p>\n\n\n\n<ul class=\"wp-block-list\">\n<li>Avalia\u00e7\u00e3o da evolu\u00e7\u00e3o dos sintomas ao longo do ano.<\/li>\n\n\n\n<li>Monitoramento de efeitos colaterais<\/li>\n\n\n\n<li>Ajustes terap\u00eauticos individuais conforme necessidade.<\/li>\n\n\n\n<li>Avalia\u00e7\u00e3o do impacto da menopausa na sa\u00fade geral da paciente.<\/li>\n<\/ul>\n<\/div>\n<\/div>\n<\/div>\n<\/div>\n<\/div>\n<\/div>\n","protected":false},"excerpt":{"rendered":"<p>Plano anual. Indicado para: Objetivo: Inclui: Consultas: Avalia\u00e7\u00e3o cl\u00ednica: Plano terap\u00eautico Acompanhamento<\/p>\n","protected":false},"author":1,"featured_media":0,"parent":11,"menu_order":0,"comment_status":"closed","ping_status":"closed","template":"","meta":{"footnotes":""},"class_list":["post-51","page","type-page","status-publish","hentry"],"_hostinger_reach_plugin_has_subscription_block":false,"_hostinger_reach_plugin_is_elementor":false,"_links":{"self":[{"href":"https:\/\/drakarolinnaugarte.com\/index.php?rest_route=\/wp\/v2\/pages\/51","targetHints":{"allow":["GET"]}}],"collection":[{"href":"https:\/\/drakarolinnaugarte.com\/index.php?rest_route=\/wp\/v2\/pages"}],"about":[{"href":"https:\/\/drakarolinnaugarte.com\/index.php?rest_route=\/wp\/v2\/types\/page"}],"author":[{"embeddable":true,"href":"https:\/\/drakarolinnaugarte.com\/index.php?rest_route=\/wp\/v2\/users\/1"}],"replies":[{"embeddable":true,"href":"https:\/\/drakarolinnaugarte.com\/index.php?rest_route=%2Fwp%2Fv2%2Fcomments&post=51"}],"version-history":[{"count":2,"href":"https:\/\/drakarolinnaugarte.com\/index.php?rest_route=\/wp\/v2\/pages\/51\/revisions"}],"predecessor-version":[{"id":57,"href":"https:\/\/drakarolinnaugarte.com\/index.php?rest_route=\/wp\/v2\/pages\/51\/revisions\/57"}],"up":[{"embeddable":true,"href":"https:\/\/drakarolinnaugarte.com\/index.php?rest_route=\/wp\/v2\/pages\/11"}],"wp:attachment":[{"href":"https:\/\/drakarolinnaugarte.com\/index.php?rest_route=%2Fwp%2Fv2%2Fmedia&parent=51"}],"curies":[{"name":"wp","href":"https:\/\/api.w.org\/{rel}","templated":true}]}}